{"id":404,"date":"2021-03-17T13:26:41","date_gmt":"2021-03-17T12:26:41","guid":{"rendered":"https:\/\/bpf.flaw.uniba.sk\/?page_id=404"},"modified":"2025-09-03T09:58:20","modified_gmt":"2025-09-03T07:58:20","slug":"sekcia-eu_prava","status":"publish","type":"page","link":"https:\/\/bpf2025.flaw.uniba.sk\/en\/sekcia-eu_prava\/","title":{"rendered":"European Law Section"},"content":{"rendered":"<figure class=\"wp-block-image size-large\"><img fetchpriority=\"high\" decoding=\"async\" width=\"1024\" height=\"520\" src=\"https:\/\/bpf.flaw.uniba.sk\/wp-content\/uploads\/2025\/07\/logo_V4-Fund-7-1024x520.png\" alt=\"\" class=\"wp-image-2312\" srcset=\"https:\/\/bpf2025.flaw.uniba.sk\/wp-content\/uploads\/2025\/07\/logo_V4-Fund-7-1024x520.png 1024w, https:\/\/bpf2025.flaw.uniba.sk\/wp-content\/uploads\/2025\/07\/logo_V4-Fund-7-300x152.png 300w, https:\/\/bpf2025.flaw.uniba.sk\/wp-content\/uploads\/2025\/07\/logo_V4-Fund-7-768x390.png 768w, https:\/\/bpf2025.flaw.uniba.sk\/wp-content\/uploads\/2025\/07\/logo_V4-Fund-7-18x9.png 18w, https:\/\/bpf2025.flaw.uniba.sk\/wp-content\/uploads\/2025\/07\/logo_V4-Fund-7-1200x610.png 1200w, https:\/\/bpf2025.flaw.uniba.sk\/wp-content\/uploads\/2025\/07\/logo_V4-Fund-7.png 1240w\" sizes=\"(max-width: 1024px) 100vw, 1024px\" \/><\/figure>\n\n\n\n<h2 class=\"wp-block-heading alignwide has-text-align-center\">Our European union was, until now, quiescent...<\/h2>\n\n\n\n<p>The European Union aims for peace, the promotion of values and the well-being of its peoples. The von der Leyen II European Commission will face even more challenges than in the previous term as the European Union loses its competitiveness in a globalised economy, as several analyses show. The theme of the session will be the legal context in areas where shortcomings have been identified in the effective promotion of the European Union's objectives in the areas of peace, values and the economy, the transition from the Green Deal to the Clean Industrial Deal. Although the Treaty of Lisbon represented a major reform of the legal framework 15 years ago, it is an imperfect and in many cases incomplete reform, and it is also necessary to examine which of the incomplete reforms have contributed to the current state of enforcement of the European Union's objectives.<\/p>\n\n\n\n<p><\/p>\n\n\n\n<p><strong>Guarantor of the section:<\/strong><\/p>\n\n\n\n<p>prof. JUDr. Ing. Ondrej Bla\u017eo, PhD.<\/p>\n\n\n\n<p>doc. JUDr. Hana Kov\u00e1\u010dikov\u00e1, PhD.<\/p>\n\n\n\n<p>doc. JUDr. M\u00e1ria T. Patakyov\u00e1, PhD.<\/p>\n\n\n\n<p><\/p>\n\n\n\n<p class=\"has-drop-cap\">&nbsp;<\/p>","protected":false},"excerpt":{"rendered":"<p>T\u00e1 Eur\u00f3pska \u00fania posia\u013e tvrdo spala\u2026 Cie\u013eom Eur\u00f3pskej \u00fanie je mier, presadzovanie hodn\u00f4t a blaho svojich n\u00e1rodov. Eur\u00f3pska komisia von der Leyen II bude \u010deli\u0165 e\u0161te viac v\u00fdzvam ako v predch\u00e1dzaj\u00facom funk\u010dnom obdob\u00ed, ke\u010f\u017ee Eur\u00f3pska \u00fania, ako ukazuj\u00fa viacer\u00e9 anal\u00fdzy, str\u00e1ca svoju konkurencieschopnos\u0165 v globalizovanej ekonomike. T\u00e9mou sekcie bude pr\u00e1vny kontext v oblastiach, kde bola [&hellip;]<\/p>\n","protected":false},"author":2,"featured_media":0,"parent":0,"menu_order":0,"comment_status":"closed","ping_status":"closed","template":"","meta":{"ngg_post_thumbnail":0,"footnotes":""},"class_list":["post-404","page","type-page","status-publish","hentry"],"yoast_head":"<!-- This site is optimized with the Yoast SEO plugin v27.2 - https:\/\/yoast.com\/product\/yoast-seo-wordpress\/ -->\n<title>Sekcia eur\u00f3pskeho pr\u00e1va - BPF<\/title>\n<meta name=\"robots\" content=\"index, follow, max-snippet:-1, max-image-preview:large, max-video-preview:-1\" \/>\n<link rel=\"canonical\" href=\"https:\/\/bpf2025.flaw.uniba.sk\/en\/sekcia-eu_prava\/\" \/>\n<meta property=\"og:locale\" content=\"en_US\" \/>\n<meta property=\"og:type\" content=\"article\" \/>\n<meta property=\"og:title\" content=\"Sekcia eur\u00f3pskeho pr\u00e1va - BPF\" \/>\n<meta property=\"og:description\" content=\"T\u00e1 Eur\u00f3pska \u00fania posia\u013e tvrdo spala\u2026 Cie\u013eom Eur\u00f3pskej \u00fanie je mier, presadzovanie hodn\u00f4t a blaho svojich n\u00e1rodov. Eur\u00f3pska komisia von der Leyen II bude \u010deli\u0165 e\u0161te viac v\u00fdzvam ako v predch\u00e1dzaj\u00facom funk\u010dnom obdob\u00ed, ke\u010f\u017ee Eur\u00f3pska \u00fania, ako ukazuj\u00fa viacer\u00e9 anal\u00fdzy, str\u00e1ca svoju konkurencieschopnos\u0165 v globalizovanej ekonomike. T\u00e9mou sekcie bude pr\u00e1vny kontext v oblastiach, kde bola [&hellip;]\" \/>\n<meta property=\"og:url\" content=\"https:\/\/bpf2025.flaw.uniba.sk\/en\/sekcia-eu_prava\/\" \/>\n<meta property=\"og:site_name\" content=\"BPF\" \/>\n<meta property=\"article:modified_time\" content=\"2025-09-03T07:58:20+00:00\" \/>\n<meta property=\"og:image\" content=\"https:\/\/bpf.flaw.uniba.sk\/wp-content\/uploads\/2025\/07\/logo_V4-Fund-7-1024x520.png\" \/>\n<meta name=\"twitter:card\" content=\"summary_large_image\" \/>\n<meta name=\"twitter:label1\" content=\"Est. reading time\" \/>\n\t<meta name=\"twitter:data1\" content=\"1 minute\" \/>\n<script type=\"application\/ld+json\" class=\"yoast-schema-graph\">{\"@context\":\"https:\/\/schema.org\",\"@graph\":[{\"@type\":\"WebPage\",\"@id\":\"https:\/\/bpf2025.flaw.uniba.sk\/sekcia-eu_prava\/\",\"url\":\"https:\/\/bpf2025.flaw.uniba.sk\/sekcia-eu_prava\/\",\"name\":\"Sekcia eur\u00f3pskeho pr\u00e1va - BPF\",\"isPartOf\":{\"@id\":\"https:\/\/bpf2025.flaw.uniba.sk\/#website\"},\"primaryImageOfPage\":{\"@id\":\"https:\/\/bpf2025.flaw.uniba.sk\/sekcia-eu_prava\/#primaryimage\"},\"image\":{\"@id\":\"https:\/\/bpf2025.flaw.uniba.sk\/sekcia-eu_prava\/#primaryimage\"},\"thumbnailUrl\":\"https:\/\/bpf.flaw.uniba.sk\/wp-content\/uploads\/2025\/07\/logo_V4-Fund-7-1024x520.png\",\"datePublished\":\"2021-03-17T12:26:41+00:00\",\"dateModified\":\"2025-09-03T07:58:20+00:00\",\"breadcrumb\":{\"@id\":\"https:\/\/bpf2025.flaw.uniba.sk\/sekcia-eu_prava\/#breadcrumb\"},\"inLanguage\":\"en-US\",\"potentialAction\":[{\"@type\":\"ReadAction\",\"target\":[\"https:\/\/bpf2025.flaw.uniba.sk\/sekcia-eu_prava\/\"]}]},{\"@type\":\"ImageObject\",\"inLanguage\":\"en-US\",\"@id\":\"https:\/\/bpf2025.flaw.uniba.sk\/sekcia-eu_prava\/#primaryimage\",\"url\":\"https:\/\/bpf.flaw.uniba.sk\/wp-content\/uploads\/2025\/07\/logo_V4-Fund-7-1024x520.png\",\"contentUrl\":\"https:\/\/bpf.flaw.uniba.sk\/wp-content\/uploads\/2025\/07\/logo_V4-Fund-7-1024x520.png\"},{\"@type\":\"BreadcrumbList\",\"@id\":\"https:\/\/bpf2025.flaw.uniba.sk\/sekcia-eu_prava\/#breadcrumb\",\"itemListElement\":[{\"@type\":\"ListItem\",\"position\":1,\"name\":\"Home\",\"item\":\"https:\/\/bpf2025.flaw.uniba.sk\/\"},{\"@type\":\"ListItem\",\"position\":2,\"name\":\"Sekcia eur\u00f3pskeho pr\u00e1va\"}]},{\"@type\":\"WebSite\",\"@id\":\"https:\/\/bpf2025.flaw.uniba.sk\/#website\",\"url\":\"https:\/\/bpf2025.flaw.uniba.sk\/\",\"name\":\"BPF\",\"description\":\"\",\"publisher\":{\"@id\":\"https:\/\/bpf2025.flaw.uniba.sk\/#organization\"},\"potentialAction\":[{\"@type\":\"SearchAction\",\"target\":{\"@type\":\"EntryPoint\",\"urlTemplate\":\"https:\/\/bpf2025.flaw.uniba.sk\/?s={search_term_string}\"},\"query-input\":{\"@type\":\"PropertyValueSpecification\",\"valueRequired\":true,\"valueName\":\"search_term_string\"}}],\"inLanguage\":\"en-US\"},{\"@type\":\"Organization\",\"@id\":\"https:\/\/bpf2025.flaw.uniba.sk\/#organization\",\"name\":\"BPF\",\"url\":\"https:\/\/bpf2025.flaw.uniba.sk\/\",\"logo\":{\"@type\":\"ImageObject\",\"inLanguage\":\"en-US\",\"@id\":\"https:\/\/bpf2025.flaw.uniba.sk\/#\/schema\/logo\/image\/\",\"url\":\"https:\/\/bpf2025.flaw.uniba.sk\/wp-content\/uploads\/2025\/01\/LOGO-SJ-biela.png\",\"contentUrl\":\"https:\/\/bpf2025.flaw.uniba.sk\/wp-content\/uploads\/2025\/01\/LOGO-SJ-biela.png\",\"width\":3151,\"height\":1062,\"caption\":\"BPF\"},\"image\":{\"@id\":\"https:\/\/bpf2025.flaw.uniba.sk\/#\/schema\/logo\/image\/\"}}]}<\/script>\n<!-- \/ Yoast SEO plugin. -->","yoast_head_json":{"title":"Sekcia eur\u00f3pskeho pr\u00e1va - BPF","robots":{"index":"index","follow":"follow","max-snippet":"max-snippet:-1","max-image-preview":"max-image-preview:large","max-video-preview":"max-video-preview:-1"},"canonical":"https:\/\/bpf2025.flaw.uniba.sk\/en\/sekcia-eu_prava\/","og_locale":"en_US","og_type":"article","og_title":"Sekcia eur\u00f3pskeho pr\u00e1va - BPF","og_description":"T\u00e1 Eur\u00f3pska \u00fania posia\u013e tvrdo spala\u2026 Cie\u013eom Eur\u00f3pskej \u00fanie je mier, presadzovanie hodn\u00f4t a blaho svojich n\u00e1rodov. Eur\u00f3pska komisia von der Leyen II bude \u010deli\u0165 e\u0161te viac v\u00fdzvam ako v predch\u00e1dzaj\u00facom funk\u010dnom obdob\u00ed, ke\u010f\u017ee Eur\u00f3pska \u00fania, ako ukazuj\u00fa viacer\u00e9 anal\u00fdzy, str\u00e1ca svoju konkurencieschopnos\u0165 v globalizovanej ekonomike. T\u00e9mou sekcie bude pr\u00e1vny kontext v oblastiach, kde bola [&hellip;]","og_url":"https:\/\/bpf2025.flaw.uniba.sk\/en\/sekcia-eu_prava\/","og_site_name":"BPF","article_modified_time":"2025-09-03T07:58:20+00:00","og_image":[{"url":"https:\/\/bpf.flaw.uniba.sk\/wp-content\/uploads\/2025\/07\/logo_V4-Fund-7-1024x520.png","type":"","width":"","height":""}],"twitter_card":"summary_large_image","twitter_misc":{"Est. reading time":"1 minute"},"schema":{"@context":"https:\/\/schema.org","@graph":[{"@type":"WebPage","@id":"https:\/\/bpf2025.flaw.uniba.sk\/sekcia-eu_prava\/","url":"https:\/\/bpf2025.flaw.uniba.sk\/sekcia-eu_prava\/","name":"Sekcia eur\u00f3pskeho pr\u00e1va - BPF","isPartOf":{"@id":"https:\/\/bpf2025.flaw.uniba.sk\/#website"},"primaryImageOfPage":{"@id":"https:\/\/bpf2025.flaw.uniba.sk\/sekcia-eu_prava\/#primaryimage"},"image":{"@id":"https:\/\/bpf2025.flaw.uniba.sk\/sekcia-eu_prava\/#primaryimage"},"thumbnailUrl":"https:\/\/bpf.flaw.uniba.sk\/wp-content\/uploads\/2025\/07\/logo_V4-Fund-7-1024x520.png","datePublished":"2021-03-17T12:26:41+00:00","dateModified":"2025-09-03T07:58:20+00:00","breadcrumb":{"@id":"https:\/\/bpf2025.flaw.uniba.sk\/sekcia-eu_prava\/#breadcrumb"},"inLanguage":"en-US","potentialAction":[{"@type":"ReadAction","target":["https:\/\/bpf2025.flaw.uniba.sk\/sekcia-eu_prava\/"]}]},{"@type":"ImageObject","inLanguage":"en-US","@id":"https:\/\/bpf2025.flaw.uniba.sk\/sekcia-eu_prava\/#primaryimage","url":"https:\/\/bpf.flaw.uniba.sk\/wp-content\/uploads\/2025\/07\/logo_V4-Fund-7-1024x520.png","contentUrl":"https:\/\/bpf.flaw.uniba.sk\/wp-content\/uploads\/2025\/07\/logo_V4-Fund-7-1024x520.png"},{"@type":"BreadcrumbList","@id":"https:\/\/bpf2025.flaw.uniba.sk\/sekcia-eu_prava\/#breadcrumb","itemListElement":[{"@type":"ListItem","position":1,"name":"Home","item":"https:\/\/bpf2025.flaw.uniba.sk\/"},{"@type":"ListItem","position":2,"name":"Sekcia eur\u00f3pskeho pr\u00e1va"}]},{"@type":"WebSite","@id":"https:\/\/bpf2025.flaw.uniba.sk\/#website","url":"https:\/\/bpf2025.flaw.uniba.sk\/","name":"BLF","description":"","publisher":{"@id":"https:\/\/bpf2025.flaw.uniba.sk\/#organization"},"potentialAction":[{"@type":"SearchAction","target":{"@type":"EntryPoint","urlTemplate":"https:\/\/bpf2025.flaw.uniba.sk\/?s={search_term_string}"},"query-input":{"@type":"PropertyValueSpecification","valueRequired":true,"valueName":"search_term_string"}}],"inLanguage":"en-US"},{"@type":"Organization","@id":"https:\/\/bpf2025.flaw.uniba.sk\/#organization","name":"BLF","url":"https:\/\/bpf2025.flaw.uniba.sk\/","logo":{"@type":"ImageObject","inLanguage":"en-US","@id":"https:\/\/bpf2025.flaw.uniba.sk\/#\/schema\/logo\/image\/","url":"https:\/\/bpf2025.flaw.uniba.sk\/wp-content\/uploads\/2025\/01\/LOGO-SJ-biela.png","contentUrl":"https:\/\/bpf2025.flaw.uniba.sk\/wp-content\/uploads\/2025\/01\/LOGO-SJ-biela.png","width":3151,"height":1062,"caption":"BPF"},"image":{"@id":"https:\/\/bpf2025.flaw.uniba.sk\/#\/schema\/logo\/image\/"}}]}},"_links":{"self":[{"href":"https:\/\/bpf2025.flaw.uniba.sk\/en\/wp-json\/wp\/v2\/pages\/404","targetHints":{"allow":["GET"]}}],"collection":[{"href":"https:\/\/bpf2025.flaw.uniba.sk\/en\/wp-json\/wp\/v2\/pages"}],"about":[{"href":"https:\/\/bpf2025.flaw.uniba.sk\/en\/wp-json\/wp\/v2\/types\/page"}],"author":[{"embeddable":true,"href":"https:\/\/bpf2025.flaw.uniba.sk\/en\/wp-json\/wp\/v2\/users\/2"}],"replies":[{"embeddable":true,"href":"https:\/\/bpf2025.flaw.uniba.sk\/en\/wp-json\/wp\/v2\/comments?post=404"}],"version-history":[{"count":11,"href":"https:\/\/bpf2025.flaw.uniba.sk\/en\/wp-json\/wp\/v2\/pages\/404\/revisions"}],"predecessor-version":[{"id":2473,"href":"https:\/\/bpf2025.flaw.uniba.sk\/en\/wp-json\/wp\/v2\/pages\/404\/revisions\/2473"}],"wp:attachment":[{"href":"https:\/\/bpf2025.flaw.uniba.sk\/en\/wp-json\/wp\/v2\/media?parent=404"}],"curies":[{"name":"wp","href":"https:\/\/api.w.org\/{rel}","templated":true}]}}

<figure class="wp-block-image size-large"><img fetchpriority="high" decoding="async" width="1024" height="520" src="https://bpf.flaw.uniba.sk/wp-content/uploads/2025/07/logo_V4-Fund-7-1024x520.png" alt="" class="wp-image-2312" srcset="https://bpf2025.flaw.uniba.sk/wp-content/uploads/2025/07/logo_V4-Fund-7-1024x520.png 1024w, https://bpf2025.flaw.uniba.sk/wp-content/uploads/2025/07/logo_V4-Fund-7-300x152.png 300w, https://bpf2025.flaw.uniba.sk/wp-content/uploads/2025/07/logo_V4-Fund-7-768x390.png 768w, https://bpf2025.flaw.uniba.sk/wp-content/uploads/2025/07/logo_V4-Fund-7-18x9.png 18w, https://bpf2025.flaw.uniba.sk/wp-content/uploads/2025/07/logo_V4-Fund-7-1200x610.png 1200w, https://bpf2025.flaw.uniba.sk/wp-content/uploads/2025/07/logo_V4-Fund-7.png 1240w" sizes="(max-width: 1024px) 100vw, 1024px" /></figure>



<h2 class="wp-block-heading alignwide has-text-align-center">Our European union was, until now, quiescent...</h2>



<p>The European Union aims for peace, the promotion of values and the well-being of its peoples. The von der Leyen II European Commission will face even more challenges than in the previous term as the European Union loses its competitiveness in a globalised economy, as several analyses show. The theme of the session will be the legal context in areas where shortcomings have been identified in the effective promotion of the European Union's objectives in the areas of peace, values and the economy, the transition from the Green Deal to the Clean Industrial Deal. Although the Treaty of Lisbon represented a major reform of the legal framework 15 years ago, it is an imperfect and in many cases incomplete reform, and it is also necessary to examine which of the incomplete reforms have contributed to the current state of enforcement of the European Union's objectives.</p>



<p></p>



<p><strong>Guarantor of the section:</strong></p>



<p>prof. JUDr. Ing. Ondrej Blažo, PhD.</p>



<p>doc. JUDr. Hana Kováčiková, PhD.</p>



<p>doc. JUDr. Mária T. Patakyová, PhD.</p>



<p></p>



<p class="has-drop-cap">&nbsp;</p>

<p>Tá Európska únia posiaľ tvrdo spala… Cieľom Európskej únie je mier, presadzovanie hodnôt a blaho svojich národov. Európska komisia von der Leyen II bude čeliť ešte viac výzvam ako v predchádzajúcom funkčnom období, keďže Európska únia, ako ukazujú viaceré analýzy, stráca svoju konkurencieschopnosť v globalizovanej ekonomike. Témou sekcie bude právny kontext v oblastiach, kde bola [&hellip;]</p>

<!-- This site is optimized with the Yoast SEO plugin v27.2 - https://yoast.com/product/yoast-seo-wordpress/ -->
<title>Sekcia európskeho práva - BPF</title>
<meta name="robots" content="index, follow, max-snippet:-1, max-image-preview:large, max-video-preview:-1" />
<link rel="canonical" href="https://bpf2025.flaw.uniba.sk/en/sekcia-eu_prava/" />
<meta property="og:locale" content="en_US" />
<meta property="og:type" content="article" />
<meta property="og:title" content="Sekcia európskeho práva - BPF" />
<meta property="og:description" content="Tá Európska únia posiaľ tvrdo spala… Cieľom Európskej únie je mier, presadzovanie hodnôt a blaho svojich národov. Európska komisia von der Leyen II bude čeliť ešte viac výzvam ako v predchádzajúcom funkčnom období, keďže Európska únia, ako ukazujú viaceré analýzy, stráca svoju konkurencieschopnosť v globalizovanej ekonomike. Témou sekcie bude právny kontext v oblastiach, kde bola [&hellip;]" />
<meta property="og:url" content="https://bpf2025.flaw.uniba.sk/en/sekcia-eu_prava/" />
<meta property="og:site_name" content="BPF" />
<meta property="article:modified_time" content="2025-09-03T07:58:20+00:00" />
<meta property="og:image" content="https://bpf.flaw.uniba.sk/wp-content/uploads/2025/07/logo_V4-Fund-7-1024x520.png" />
<meta name="twitter:card" content="summary_large_image" />
<meta name="twitter:label1" content="Est. reading time" />
	<meta name="twitter:data1" content="1 minute" />
<script type="application/ld+json" class="yoast-schema-graph">{"@context":"https://schema.org","@graph":[{"@type":"WebPage","@id":"https://bpf2025.flaw.uniba.sk/sekcia-eu_prava/","url":"https://bpf2025.flaw.uniba.sk/sekcia-eu_prava/","name":"Sekcia európskeho práva - BPF","isPartOf":{"@id":"https://bpf2025.flaw.uniba.sk/#website"},"primaryImageOfPage":{"@id":"https://bpf2025.flaw.uniba.sk/sekcia-eu_prava/#primaryimage"},"image":{"@id":"https://bpf2025.flaw.uniba.sk/sekcia-eu_prava/#primaryimage"},"thumbnailUrl":"https://bpf.flaw.uniba.sk/wp-content/uploads/2025/07/logo_V4-Fund-7-1024x520.png","datePublished":"2021-03-17T12:26:41+00:00","dateModified":"2025-09-03T07:58:20+00:00","breadcrumb":{"@id":"https://bpf2025.flaw.uniba.sk/sekcia-eu_prava/#breadcrumb"},"inLanguage":"en-US","potentialAction":[{"@type":"ReadAction","target":["https://bpf2025.flaw.uniba.sk/sekcia-eu_prava/"]}]},{"@type":"ImageObject","inLanguage":"en-US","@id":"https://bpf2025.flaw.uniba.sk/sekcia-eu_prava/#primaryimage","url":"https://bpf.flaw.uniba.sk/wp-content/uploads/2025/07/logo_V4-Fund-7-1024x520.png","contentUrl":"https://bpf.flaw.uniba.sk/wp-content/uploads/2025/07/logo_V4-Fund-7-1024x520.png"},{"@type":"BreadcrumbList","@id":"https://bpf2025.flaw.uniba.sk/sekcia-eu_prava/#breadcrumb","itemListElement":[{"@type":"ListItem","position":1,"name":"Home","item":"https://bpf2025.flaw.uniba.sk/"},{"@type":"ListItem","position":2,"name":"Sekcia európskeho práva"}]},{"@type":"WebSite","@id":"https://bpf2025.flaw.uniba.sk/#website","url":"https://bpf2025.flaw.uniba.sk/","name":"BPF","description":"","publisher":{"@id":"https://bpf2025.flaw.uniba.sk/#organization"},"potentialAction":[{"@type":"SearchAction","target":{"@type":"EntryPoint","urlTemplate":"https://bpf2025.flaw.uniba.sk/?s={search_term_string}"},"query-input":{"@type":"PropertyValueSpecification","valueRequired":true,"valueName":"search_term_string"}}],"inLanguage":"en-US"},{"@type":"Organization","@id":"https://bpf2025.flaw.uniba.sk/#organization","name":"BPF","url":"https://bpf2025.flaw.uniba.sk/","logo":{"@type":"ImageObject","inLanguage":"en-US","@id":"https://bpf2025.flaw.uniba.sk/#/schema/logo/image/","url":"https://bpf2025.flaw.uniba.sk/wp-content/uploads/2025/01/LOGO-SJ-biela.png","contentUrl":"https://bpf2025.flaw.uniba.sk/wp-content/uploads/2025/01/LOGO-SJ-biela.png","width":3151,"height":1062,"caption":"BPF"},"image":{"@id":"https://bpf2025.flaw.uniba.sk/#/schema/logo/image/"}}]}</script>
<!-- / Yoast SEO plugin. -->

Sekcia európskeho práva - BPF

Tá Európska únia posiaľ tvrdo spala… Cieľom Európskej únie je mier, presadzovanie hodnôt a blaho svojich národov. Európska komisia von der Leyen II bude čeliť ešte viac výzvam ako v predchádzajúcom funkčnom období, keďže Európska únia, ako ukazujú viaceré analýzy, stráca svoju konkurencieschopnosť v globalizovanej ekonomike. Témou sekcie bude právny kontext v oblastiach, kde bola [&hellip;]

Sekcia európskeho práva
